Calculate u(18).
54
Let x(n) = 144*n - 1616. Give x(12).
112
Let s(x) = 3*x**3 - 4*x**2 + x + 23. Determine s(-3).
-97
Let k(h) = h**3 - h**2 + 3. Determine k(0).
3
Let o(g) = -g**3 + 15*g**2 + 9*g + 57. What is o(16)?
-55
Let a(p) = 19*p**2 + 8*p + 52. Give a(-3).
199
Let r(m) = -2*m**3 + 2*m**2 + 5*m + 55. Give r(5).
-120
Let u(l) = 39*l - 1211. Calculate u(31).
-2
Let s(l) = 2*l**3 + 4*l**2 - 19*l - 68. Determine s(-6).
-242
Let f(q) = -25*q**2 - 249*q + 11. Give f(-10).
1
Let t(g) = g**3 - 27*g**2 + 109*g - 18. Determine t(22).
-40
Let n(t) = 1303*t + 1408. Determine n(-1).
105
Let b(z) = 13*z**2 + 11. Calculate b(0).
11
Let f(t) = t**3 - 49*t**2 - 67*t - 1779. What is f(51)?
6
Let i(d) = 3*d**2 + 96*d + 443. Calculate i(-9).
-178
Let f(j) = -8*j**3 - 51*j**2 + 14*j - 13. Determine f(-6).
-205
Let d(n) = 30*n + 1595. Give d(-40).
395
Let u(n) = 62*n + 712. Determine u(-12).
-32
Let v(g) = -g**3 + 41*g**2 - 170*g - 1396. What is v(35)?
4
Let a(k) = -4*k + 218. What is a(55)?
-2
Let i(m) = -m**3 + 9*m**2 - 24*m + 7. What is i(8)?
-121
Let d(x) = 89*x**2 + 516*x + 518. Determine d(-1).
91
Let f(r) = 3*r**3 - 4*r - 1. Determine f(-3).
-70
Let z(f) = -94*f - 622. Give z(-7).
36
Let y(o) = 745*o - 10422. Determine y(14).
8
Let r(i) = -i**2 + 14*i + 70. What is r(22)?
-106
Let w(l) = 12*l**2 + 79*l + 54. Calculate w(-6).
12
Let w(q) = q**2 - 70*q - 505. What is w(78)?
119
Let r(d) = 2*d**2 - 199*d - 958. Determine r(103).
-237
Let g(p) = -p**2 + 29*p - 156. Determine g(13).
52
Let d(y) = -2*y**2 + 66*y + 82. Determine d(34).
14
Let a(f) = 2*f**2 - 191*f + 1681. Calculate a(86).
47
Let w(i) = -20*i - 20. Determine w(-3).
40
Let t(a) = 55*a - 92. Calculate t(2).
18
Let n(a) = -59668*a + 59666. Determine n(1).
-2
Let z(w) = -2*w**3 - 471*w**2 - 704*w - 478. Give z(-234).
-10
Let o(q) = q**2 + 34*q + 280. Determine o(-16).
-8
Let d(s) = 2*s**2 - 550*s + 2188. Calculate d(4).
20
Let s(u) = 57*u**3 + 285*u**2 + 7*u + 37. Calculate s(-5).
2
Let k(p) = -803*p - 34498. What is k(-43)?
31
Let i(c) = -c**2 + 16*c - 116. What is i(16)?
-116
Let c(z) = -69*z + 273. Determine c(4).
-3
Let q(x) = -4369*x - 8748. Give q(-2).
-10
Let o(h) = -42*h - 1095. Determine o(-26).
-3
Let y(z) = -z**2 - 840*z + 5069. Calculate y(6).
-7
Let i(y) = 4*y + 888. Give i(18).
960
Let g(u) = 80*u - 415. What is g(5)?
-15
Let q(k) = 3*k**3 + 14*k**2 + 42*k - 3. Determine q(-5).
-238
Let i(g) = -2810*g + 33721. Calculate i(12).
1
Let d(i) = -53*i + 178. Determine d(7).
-193
Let l(p) = -p**3 + 3*p**2 + 2*p + 105. Calculate l(0).
105
Let h(s) = s**2 + 5*s - 154. Determine h(-13).
-50
Let d(r) = 2*r**3 - 187*r**2 - 492*r + 1166. What is d(96)?
14
Let s(h) = 3*h**3 - 571*h**2 - 379*h - 587. Calculate s(191).
-14
Let l(h) = -36*h + 101. Determine l(10).
-259
Let f(p) = -8*p**3 + 150*p**2 + 36*p + 27. Calculate f(19).
-11
Let b(c) = -37*c**2 - 256*c + 19. Calculate b(-7).
-2
Let y(g) = -g**2 + 10*g - 63. Give y(0).
-63
Let t(r) = -12*r**3 + 5*r**2 - 3*r + 1. Calculate t(1).
-9
Let j(r) = -54*r - 1399. Determine j(-26).
5
Let t(v) = 3432*v - 6856. What is t(2)?
8
Let y(p) = -991*p + 5953. Give y(6).
7
Let u(z) = 19*z**2 - 1256*z + 140. Determine u(66).
8
Let p(f) = 1765*f + 139445. Calculate p(-79).
10
Let i(z) = -z**2 + 3*z + 18. Give i(4).
14
Let v(w) = w**3 - w**2 + 27*w - 59. Determine v(2).
-1
Let k(z) = -51*z + 343. What is k(10)?
-167
Let q(f) = f**2 - 876*f + 15372. What is q(18)?
-72
Let c(o) = -o**3 - 55*o**2 - 401*o + 457. Calculate c(-10).
-33
Let p(n) = n**3 + 136*n**2 - 227*n + 6764. What is p(-138)?
2
Let b(p) = 37*p + 995. Calculate b(-27).
-4
Let s(h) = 35*h - 4513. Calculate s(137).
282
Let w(s) = s**3 + 28*s**2 + 188*s + 21. Determine w(-17).
4
Let w(q) = -3139*q - 185188. Determine w(-59).
13
Let w(n) = 13*n**2 + 520*n + 41. Give w(-40).
41
Let q(v) = -199*v - 802. Give q(-4).
-6
Let u(j) = j**3 - 15*j**2 + 53*j - 26. Give u(5).
-11
Let k(m) = 3*m**2 - 8*m - 132. What is k(-5)?
-17
Let y(n) = n**3 - 4*n**2 - 5*n - 54. Give y(5).
-54
Let p(u) = 10*u**2 - 84*u + 145. What is p(6)?
1
Let w(q) = -6*q**3 - 4*q**2 + 8*q - 2. What is w(2)?
-50
Let s(k) = -62*k + 1651. What is s(25)?
101
Let j(m) = -2*m**2 + 52*m + 20. Determine j(0).
20
Let z(g) = 455*g**3 + 3*g**2 + 6*g + 4. Determine z(-1).
-454
Let z(g) = 6*g**2 + 121*g - 463. What is z(4)?
117
Let b(g) = -g**3 - 5*g**2 - 53*g - 268. Calculate b(-5).
-3
Let h(i) = 3*i**3 - 102*i**2 - 5*i + 136. Determine h(34).
-34
Let x(h) = 123*h + 2376. What is x(-18)?
162
Let h(a) = 2*a**2 + 70*a + 298. What is h(-5)?
-2
Let p(z) = z**3 - 7*z**2 + 3*z + 14. Determine p(5).
-21
Let o(v) = 27*v - 1241. Calculate o(46).
1
Let h(g) = g**3 - 69*g**2 + 109*g - 2780. Give h(68).
8
Let v(n) = -2890*n + 20245. Calculate v(7).
15
Let g(a) = -341*a - 1311. What is g(-4)?
53
Let b(y) = -y**3 - 57*y**2 + 102*y + 2551. Calculate b(-58).
-1
Let p(y) = 75*y - 740. Calculate p(10).
10
Let l(a) = a**2 - 86*a - 2916. Determine l(-26).
-4
Let r(y) = 147*y - 8537. Calculate r(58).
-11
Let v(q) = -66*q**3 - 5*q**2 + 5*q - 1. What is v(1)?
-67
Let v(x) = 19*x + 24. Give v(25).
499
Let v(k) = -2*k**3 - 57*k**2 - 131*k - 41. Determine v(-26).
-15
Let d(u) = 31*u - 100. Give d(3).
-7
Let h(g) = -5*g - 233. Give h(-49).
12
Let w(m) = m**3 + 5*m**2 + m - 2. Determine w(6).
400
Let y(g) = -g**3 + 3*g**2 - 903*g + 2714. Give y(3).
5
Let o(m) = -m**3 + 9*m**2 + 21*m - 119. Give o(10).
-9
Let c(a) = a**2 + 33*a - 229. What is c(6)?
5
Let x(z) = 40*z - 1187. What is x(30)?
13
Let j(b) = b**3 - 24*b**2 + b - 101. Determine j(24).
-77
Let o(j) = 2*j**3 + 49*j**2 - 88*j - 292. Determine o(-26).
-32
Let w(q) = 6*q**2 + 718*q + 489. Give w(-119).
13
Let k(j) = 1432*j + 12893. What is k(-9)?
5
Let f(b) = 191*b - 5720. Determine f(30).
10
Let c(g) = -13*g**2 + 113*g + 152. Calculate c(10).
-18
Let f(x) = -38*x**2 + 7*x - 10. What is f(3)?
-331
Let a(j) = j**2 + 24*j - 1530. What is a(29)?
7
Let t(m) = m**3 + 4*m**2 - m - 45. Give t(6).
309
Let x(u) = 138*u - 832. Calculate x(6).
-4
Let u(c) = 81*c - 3087. Determine u(38).
-9
Let b(w) = -3*w**2 - 33*w + 12. What is b(-11)?
12
Let u(p) = 183*p + 1795. Calculate u(-10).
-35
Let r(z) = -5*z**2 + 73*z + 44. Determine r(16).
-68
Let w(t) = 443*t**2 - 4*t - 2. What is w(-1)?
445
Let b(v) = v**3 - 14*v**2 - 11*v + 29. Determine b(15).
89
Let v(n) = 2*n**3 + 68*n**2 - 3*n - 128. Calculate v(-34).
-26
Let g(q) = 20*q + 2771. Calculate g(-130).
171
Let j(r) = -r**2 + 63*r - 1004. Calculate j(35).
-24
Let u(m) = -5*m**2 + 15*m - 37. What is u(3)?
-37
Let o(k) = 70*k + 580. Calculate o(-8).
20
Let r(l) = l**3 + 2*l**2 - 42*l - 120. Determine r(-3).
-3
Let l(x) = -39*x**3 + 2*x**2 - 60*x - 62. Calculate l(-1).
39
Let o(f) = f**2 + 58*f - 3037. Determine o(-92).
91
Let g(k) = 44*k + 918. What is g(-20)?
38
Let x(o) = -o**3 - 26*o**2 - 24*o + 12. Determine x(-25).
-13
Let h(o) = -o**3 + 15*o**2 - 53*o + 14. What is h(4)?
-22
Let t(h) = -h**3 + 25*h**2 + 67*h - 353. Determine t(27).
-2
Let m(l) = l**3 + 226*l**2 + 1312*l - 1766. Calculate m(-220).
-6
Let s(f) = 7*f**2 + 587*f + 6036. Calculate s(-12).
0
Let z(y) = -1393*y - 249346. Calculate z(-179).
1
Let z(y) = -13*y**2 - 116*y - 3. Give z(-9).
-12
Let l(i) = 70*i + 6. What is l(0)?
6
Let n(k) = 5*k**2 + 22*k + 2. Calculate n(-3).
-19
Let c(s) = -5*s**2 - 246*s - 2220. Give c(-12).
12
Let l(o) = -9*o - 158. Calculate l(-19).
13
Let k(r) = -1112*r**2 - 8*r + 1. What is k(1)?
-1119
Let d(n) = -n**2 + 64*n + 127. Determine d(64).
127
Let m(v) = -141*v + 7371. What is m(55)?
-384
Let g(t) = 33*t - 284. Determine g(15).
211
Let b(d) = -d**2 - 248*d - 7773. What is b(-37)?
34
Let b(k) = -k**3 + 179*k**2 + 97*k + 14927. Give b(180).
-13
Let c(w) = -w**2 - 186*w - 7049. Determine c(-53).
0
Let m(w) = -w**3 + 4*w**2 - 13*w - 57. What is m(-5)?
233
Let i(v) = -2*v**3 + 12*v**2 - 13*v + 33. Determine i(5).
18
Let f(j) = j**3 + 7*j**2 - 2156*j + 251. Calculate f(43).
-7
Let l(o) = -6*o**3 - 103*o**2 + 641*o + 60. What is l(-22)?
-6
Let f(g) = -61*g**2 + 416*g + 4. Determine f(7).
-73
Let r(s) = 3*s**3 - s**2 - 6*s - 53. Determine r(0).
-53
Let g(x) = 2*x**2 - 9*x - 14. Give g(13).
207
Let a(x) = x**3 + 18*x**2 - 20*x + 9. Determine a(-19).
28
Let b(k) = 123*k - 286. Determine b(7).
575
Let u(s) = 